
What is the greatest common divisor of 12 and 192219120?
12
What is the greatest common factor of 32589 and 19785144?
3621
Calculate the highest common factor of 48 and 968080.
16
Calculate the greatest common divisor of 414 and 56221522.
46
What is the greatest common factor of 1161501971 and 1631?
1631
What is the greatest common divisor of 940 and 55141246?
94
What is the greatest common factor of 16027 and 13360314?
517
Calculate the greatest common factor of 12 and 161421441.
3
Calculate the greatest common factor of 1536 and 4137616.
16
Calculate the highest common factor of 606 and 2122515.
303
Calculate the greatest common factor of 23468 and 2995185638.
11734
Calculate the greatest common divisor of 1625364 and 819.
117
What is the highest common factor of 136472374 and 1707?
569
What is the greatest common divisor of 15895194 and 147280?
3682
What is the highest common factor of 5292 and 525346101?
1323
Calculate the greatest common divisor of 5874 and 125172003.
2937
What is the highest common factor of 2016 and 17396640?
288
Calculate the highest common factor of 346907 and 591569.
121
Calculate the greatest common divisor of 14310 and 125663.
53
What is the greatest common divisor of 679615 and 435?
145
Calculate the highest common factor of 1328426 and 2.
2
Calculate the highest common factor of 2 and 7827714.
2
What is the highest common divisor of 29420578 and 22?
22
What is the highest common factor of 3794699556 and 7806?
7806
Calculate the highest common factor of 49588 and 697452.
644
Calculate the greatest common divisor of 3500 and 314740.
20
Calculate the highest common divisor of 14837904 and 414720.
1296
Calculate the highest common factor of 5268 and 8039407.
439
What is the greatest common factor of 16496 and 63920?
16
Calculate the greatest common divisor of 568968 and 181200.
3624
What is the highest common factor of 344 and 4096868?
172
Calculate the greatest common divisor of 10020876 and 1940.
388
What is the highest common factor of 18 and 4263345?
9
What is the highest common divisor of 228 and 9157753?
19
Calculate the highest common factor of 60 and 23805672.
12
What is the greatest common factor of 17517140 and 340?
340
Calculate the greatest common divisor of 630 and 662445.
315
Calculate the highest common divisor of 425 and 550409.
17
What is the highest common factor of 26 and 15655718?
26
Calculate the greatest common divisor of 3114 and 6901143.
519
Calculate the highest common factor of 833924 and 8581612.
4108
Calculate the highest common factor of 74020 and 980.
20
What is the highest common factor of 26242398 and 84?
42
What is the greatest common divisor of 36674455 and 21545?
695
What is the highest common factor of 3770 and 57289645?
145
What is the highest common factor of 860 and 617312?
4
Calculate the greatest common divisor of 3885 and 277935.
105
Calculate the greatest common factor of 16927939 and 301.
301
What is the highest common divisor of 48484623 and 33?
33
What is the highest common factor of 535953 and 127094?
1199
What is the highest common divisor of 993132 and 65324?
28
Calculate the highest common factor of 10 and 2793278.
2
What is the highest common divisor of 667 and 1810153291?
667
What is the highest common factor of 149315 and 46935?
5
What is the highest common factor of 7140 and 58634870?
1190
Calculate the highest common divisor of 2758 and 673604858.
394
Calculate the greatest common divisor of 147008 and 7360.
64
What is the highest common factor of 287077753 and 29048?
3631
What is the highest common divisor of 2 and 130269092?
2
Calculate the greatest common factor of 364064440 and 42288.
7048
What is the highest common divisor of 124718 and 102146?
22
Calculate the highest common factor of 7440680 and 180.
20
What is the greatest common divisor of 322 and 16336509?
161
Calculate the highest common factor of 2914925 and 23725.
325
What is the highest common factor of 196064679 and 1305?
87
What is the highest common divisor of 28241225 and 105760?
3305
What is the highest common factor of 405 and 128025?
45
What is the greatest common factor of 287366 and 260230?
106
What is the greatest common factor of 54810 and 431694?
522
Calculate the highest common factor of 387980841 and 93.
93
What is the highest common divisor of 26 and 222154?
2
Calculate the highest common factor of 17131 and 1647817.
463
Calculate the greatest common divisor of 13340368 and 1242.
46
What is the greatest common factor of 108 and 39365604?
36
What is the highest common factor of 50 and 43153675?
25
Calculate the highest common factor of 5434869 and 165.
33
Calculate the highest common divisor of 10 and 39453800.
10
Calculate the highest common factor of 3674483 and 921.
307
What is the greatest common factor of 110 and 914930?
10
What is the highest common factor of 552440 and 896?
56
What is the highest common factor of 102870 and 120096?
54
Calculate the greatest common divisor of 2317 and 46921.
7
What is the highest common factor of 4747600 and 16434?
1826
Calculate the highest common divisor of 765281097 and 8946.
4473
What is the greatest common divisor of 168333574 and 986?
58
What is the highest common divisor of 871521864 and 48?
24
Calculate the highest common factor of 119 and 5151832.
7
Calculate the greatest common factor of 92 and 10838957.
23
Calculate the highest common factor of 875474724 and 12.
12
What is the greatest common factor of 5640 and 3053496?
1128
Calculate the highest common factor of 468 and 21480069.
39
Calculate the highest common divisor of 256105 and 1174955.
1955
Calculate the greatest common factor of 1965 and 9993990.
1965
What is the greatest common divisor of 2122560 and 1879680?
10560
What is the greatest common divisor of 173638439 and 8827?
1261
Calculate the highest common factor of 26 and 1465086.
2
Calculate the highest common divisor of 366 and 2359297.
61
What is the greatest common factor of 215952 and 1616?
16
What is the highest common factor of 695795 and 930?
155
Calculate the greatest common factor of 883848 and 2184.
168
Calculate the greatest common divisor of 1263 and 19008992.
421
Calculate the highest common factor of 15694500 and 3.
3
What is the greatest common divisor of 1933 and 64?
1
What is the greatest common factor of 6410 and 63970?
10
Calculate the highest common divisor of 17140 and 39680.
20
What is the highest common factor of 148 and 41309649?
37
Calculate the greatest common factor of 330672 and 252984.
1992
Calculate the greatest common divisor of 2028717480 and 6872.
6872
What is the greatest common factor of 133964 and 134?
2
What is the highest common factor of 15628396 and 206?
206
What is the highest common factor of 600480 and 8212320?
4320
What is the greatest common factor of 25360148 and 2420?
484
Calculate the greatest common factor of 1644 and 12164.
4
Calculate the highest common divisor of 84381171 and 49.
7
Calculate the greatest common divisor of 381 and 119058817.
127
Calculate the greatest common divisor of 360103 and 6847.
41
Calculate the highest common factor of 2286 and 1178964.
18
Calculate the highest common divisor of 216228 and 344796.
5844
What is the greatest common factor of 292350 and 2850?
150
What is the highest common factor of 131399 and 231449?
667
Calculate the greatest common factor of 8156 and 374168734.
4078
What is the greatest common divisor of 4950 and 13530550?
550
What is the greatest common factor of 1938 and 2379218?
646
Calculate the highest common factor of 387 and 351702.
9
Calculate the highest common divisor of 29082955 and 1331.
121
What is the greatest common factor of 20610 and 2743191?
2061
Calculate the greatest common factor of 40279 and 2534149.
857
Calculate the greatest common factor of 19447974 and 11310.
78
What is the highest common divisor of 105 and 9234210?
15
What is the highest common divisor of 16910 and 2799935?
95
What is the highest common factor of 128 and 254418496?
64
What is the greatest common divisor of 738 and 450438546?
246
Calculate the greatest common factor of 450 and 12973325.
25
What is the greatest common divisor of 182478170 and 490?
70
Calculate the highest common divisor of 453131 and 497.
7
What is the greatest common d